{"id":9,"date":"2026-01-19T17:40:22","date_gmt":"2026-01-19T17:40:22","guid":{"rendered":"http:\/\/www.guebwiller2026.fr\/?page_id=9"},"modified":"2026-01-26T11:51:50","modified_gmt":"2026-01-26T11:51:50","slug":"nos-priorites-notre-projet","status":"publish","type":"page","link":"https:\/\/www.guebwiller2026.fr\/index.php\/nos-priorites-notre-projet\/","title":{"rendered":"Nos Priorit\u00e9s \/ Notre Projet"},"content":{"rendered":"\n<h2 class=\"wp-block-heading has-text-color has-link-color has-xx-large-font-size wp-elements-988f0f2e8a621d115a03a7c6e10168c5\" style=\"color:#317514\"><strong>Des actions au service de tous<\/strong><\/h2>\n\n\n\n<p style=\"line-height:1.8\"><strong>Guebwiller avec \u00c9nergie<\/strong>, c&#8217;est une liste de citoyennes et citoyens d\u00e9cid\u00e9s \u00e0 transformer notre ville au service de tous. Face aux d\u00e9fis de notre \u00e9poque \u2014 urgence climatique, fractures sociales, services publics fragilis\u00e9s \u2014 <strong>nous proposons un projet ambitieux mais r\u00e9aliste, enracin\u00e9 dans les besoins r\u00e9els des habitants<\/strong>. De la sant\u00e9 \u00e0 l&#8217;\u00e9ducation, de la transition \u00e9cologique \u00e0 l&#8217;emploi local, de la solidarit\u00e9 interg\u00e9n\u00e9rationnelle \u00e0 la d\u00e9mocratie participative : chaque mesure traduit notre conviction que Guebwiller m\u00e9rite mieux qu&#8217;une gestion ordinaire. C&#8217;est un projet de progr\u00e8s, d&#8217;\u00e9coute et de responsabilit\u00e9. <strong>C&#8217;est un changement motiv\u00e9 par l&#8217;int\u00e9r\u00eat g\u00e9n\u00e9ral. <\/strong><\/p>\n\n\n\n<figure class=\"wp-block-image size-full is-style-rounded is-style-rounded--1\"><img loading=\"lazy\" decoding=\"async\" width=\"1011\" height=\"500\" src=\"http:\/\/www.guebwiller2026.fr\/wp-content\/uploads\/2026\/01\/image2.jpg\" alt=\"\" class=\"wp-image-89\" srcset=\"https:\/\/www.guebwiller2026.fr\/wp-content\/uploads\/2026\/01\/image2.jpg 1011w, https:\/\/www.guebwiller2026.fr\/wp-content\/uploads\/2026\/01\/image2-300x148.jpg 300w, https:\/\/www.guebwiller2026.fr\/wp-content\/uploads\/2026\/01\/image2-768x380.jpg 768w\" sizes=\"auto, (max-width: 1011px) 100vw, 1011px\" \/><\/figure>\n\n\n\n<p class=\"has-contrast-2-color has-base-background-color has-text-color has-background has-link-color has-medium-font-size wp-elements-6d2c207241ddba0ba7a6c89ee81e2070\">Voici une <strong>synth\u00e8se de nos id\u00e9es phares<\/strong> avec des solutions concr\u00e8tes, finan\u00e7ables et durables :<\/p>\n\n\n\n<h2 class=\"wp-block-heading has-text-color has-link-color wp-elements-20182cddbf46dcde2f8d3dbe2fe1ddff\" style=\"color:#317514\"><strong>SOLIDARIT<strong>\u00c9<\/strong>S<\/strong><\/h2>\n\n\n\n<div class=\"wp-block-group has-global-padding is-layout-constrained wp-block-group-is-layout-constrained\">\n<ul class=\"wp-block-list\">\n<li>Cr\u00e9er un <strong>CENTRE MUNICIPAL DE SANT\u00c9<\/strong> pour permettre un ACCES A LA SANTE pour tous, d\u00e9velopper la PREVENTION et investir dans la RECHERCHE<\/li>\n\n\n\n<li>D\u00e9velopper le <strong>TRANSPORT PARTAG\u00c9<\/strong> pour mettre en place un transport intelligent, simple, solidaire et moins polluant au service de tous<\/li>\n\n\n\n<li style=\"line-height:1.8\">Relocaliser le <strong>SERVICE DE RESTAURATION pour le p\u00e9riscolaire<\/strong> et en faire un <strong>lieu de vie interg\u00e9n\u00e9rationnel<\/strong> pour mieux manger et renforcer le lien entre les g\u00e9n\u00e9rations<\/li>\n\n\n\n<li>Agir face aux <strong>VIOLENCES INTRA FAMILIALES<\/strong> pour prot\u00e9ger chaque personne et garantir la s\u00e9curit\u00e9 de toutes les familles<\/li>\n\n\n\n<li>GUEBWILLER <strong>VILLE AMIE DES AIN\u00c9S<\/strong> : rejoindre ce r\u00e9seau national pour r\u00e9pondre aux besoins des s\u00e9niors<\/li>\n\n\n\n<li>Soutenir la cr\u00e9ation de <strong>LA MUTUELLE DE L\u2019ALIMENTATION<\/strong> pour promouvoir une alimentation saine pour tous<\/li>\n<\/ul>\n<\/div>\n\n\n\n<p class=\"has-text-color has-link-color has-heading-font-family has-x-large-font-size wp-elements-fcf719a7f7b71931de2ba67ca88f9f26\" style=\"color:#317514\"><strong>CADRE&nbsp;DE VIE<\/strong><\/p>\n\n\n\n<div class=\"wp-block-group has-global-padding is-layout-constrained wp-block-group-is-layout-constrained\">\n<ul class=\"wp-block-list\">\n<li><strong>STOP \u00e0 l\u2019avanc\u00e9e du b\u00e9ton<\/strong> et \u00e0 l\u2019\u00e9talement urbain dans le vignoble et les vallons pour pr\u00e9server l\u2019environnement et la qualit\u00e9 de vie<\/li>\n\n\n\n<li style=\"line-height:1.8\">D\u00e9finir un plan de <strong>V\u00c9G\u00c9TALISATION DE LA VILLE <\/strong>et des cours d\u2019\u00e9coles pour lutter contre les effets du d\u00e9r\u00e8glement climatique<\/li>\n\n\n\n<li>Renforcer <strong>LES EFFECTIFS DE LA POLICE MUNICIPALE ET DES MEDIATEURS <\/strong>pour assurer la tranquillit\u00e9 publique et la coh\u00e9sion sociale<\/li>\n\n\n\n<li>Cr\u00e9ation d\u2019 <strong>UN PLAN DE D\u00c9PLACEMENT <\/strong>qui prend en compte les diff\u00e9rents modes de circulation pour une mobilit\u00e9 apais\u00e9e et partag\u00e9e<\/li>\n\n\n\n<li>Mise en place de <strong>NAVETTES ELECTRIQUES<\/strong> pour faciliter les d\u00e9placements dans la ville<\/li>\n\n\n\n<li><strong>Friches&nbsp;NSC<\/strong> : reprendre en main le projet avec une <strong>gestion coh\u00e9rente<\/strong> et des objectifs r\u00e9alisables<\/li>\n<\/ul>\n<\/div>\n\n\n\n<figure class=\"wp-block-image aligncenter size-full is-style-rounded is-style-rounded--2\"><img loading=\"lazy\" decoding=\"async\" width=\"466\" height=\"229\" src=\"http:\/\/www.guebwiller2026.fr\/wp-content\/uploads\/2026\/01\/image-7.png\" alt=\"\" class=\"wp-image-47\" srcset=\"https:\/\/www.guebwiller2026.fr\/wp-content\/uploads\/2026\/01\/image-7.png 466w, https:\/\/www.guebwiller2026.fr\/wp-content\/uploads\/2026\/01\/image-7-300x147.png 300w\" sizes=\"auto, (max-width: 466px) 100vw, 466px\" \/><\/figure>\n\n\n\n<div class=\"wp-block-group has-global-padding is-layout-constrained wp-block-group-is-layout-constrained\">\n<ul class=\"wp-block-list\">\n<li style=\"line-height:1.8\">Pr\u00e9voir de mani\u00e8re coh\u00e9rente les travaux de <strong>R\u00c9NOVATION DE LA VOIRIE et des B\u00c2TIMENTS PUBLICS<\/strong> pour assurer la s\u00e9curit\u00e9, le confort et les \u00e9conomies d\u2019\u00e9nergie<\/li>\n\n\n\n<li>Pr\u00e9server <strong>L\u2019ACC\u00c8S \u00c0 LA FOR\u00caT <\/strong>pour que la for\u00eat reste un espace de tranquillit\u00e9<\/li>\n\n\n\n<li>Adh\u00e9rer aux <strong>BRIGADES VERTES<\/strong> pour assurer la pr\u00e9vention et la protection de l\u2019environnement<\/li>\n<\/ul>\n<\/div>\n\n\n\n<p class=\"has-text-color has-link-color has-heading-font-family has-x-large-font-size wp-elements-b02e7a7b991ea27b9db5b71b7ea53436\" style=\"color:#317514\"><strong>EDUCATION &#8211; JEUNESSE<\/strong><\/p>\n\n\n\n<ul class=\"wp-block-list\">\n<li>Mise en place d&#8217;un <strong>PROJET \u00c9DUCATIF TERRITORIAL&nbsp;<\/strong>pour favoriser la r\u00e9ussite scolaire et permettre aux enfants de s\u2019\u00e9panouir<\/li>\n\n\n\n<li style=\"line-height:1.8\">Exp\u00e9rimentation <strong>DU PETIT D\u00c9JEUNER <\/strong>A L\u2019ECOLE<\/li>\n\n\n\n<li><strong>DAVANTAGE d&#8217;ATSEM<\/strong> et d\u2019intervenants dans les \u00e9coles<\/li>\n\n\n\n<li>\u00c9tendre <strong>L\u2019AIDE AUX DEVOIRS \u00c0 TOUTES LES \u00c9COLES<\/strong><\/li>\n\n\n\n<li>D\u00e9velopper un <strong>PARTENARIAT CULTUREL<\/strong> avec <strong>LES DOMINICAINS<\/strong><\/li>\n\n\n\n<li>Adapter le fonctionnement et les <strong>HORAIRES DU P\u00c9RISCOLAIRE<\/strong> y compris au mois d\u2019ao\u00fbt<\/li>\n\n\n\n<li>\u00c9tendre les <strong>AIRES DE JEUX et les CITY PARCS <\/strong>pour que les jeunes de tous les quartiers puissent se retrouver<\/li>\n\n\n\n<li>Cr\u00e9ation d\u2019un deuxi\u00e8me <strong>ESPACE JEUNESSE<\/strong> dans le haut de la ville pour faciliter l\u2019acc\u00e8s \u00e0 tous les jeunes<\/li>\n<\/ul>\n\n\n\n<figure class=\"wp-block-image size-full is-style-rounded is-style-rounded--3\"><img loading=\"lazy\" decoding=\"async\" width=\"679\" height=\"675\" src=\"http:\/\/www.guebwiller2026.fr\/wp-content\/uploads\/2026\/01\/image-19.png\" alt=\"\" class=\"wp-image-91\" srcset=\"https:\/\/www.guebwiller2026.fr\/wp-content\/uploads\/2026\/01\/image-19.png 679w, https:\/\/www.guebwiller2026.fr\/wp-content\/uploads\/2026\/01\/image-19-300x298.png 300w, https:\/\/www.guebwiller2026.fr\/wp-content\/uploads\/2026\/01\/image-19-150x150.png 150w\" sizes=\"auto, (max-width: 679px) 100vw, 679px\" \/><\/figure>\n\n\n\n<p class=\"has-text-color has-link-color has-heading-font-family has-x-large-font-size wp-elements-66e0fa6eba2dfcf324eb345e8c848d9e\" style=\"color:#317514\"><strong>SPORT ET CULTURE<\/strong><\/p>\n\n\n\n<ul class=\"wp-block-list\">\n<li>Cr\u00e9er un <strong>PASS\u2019 SPORT ET CULTURE<\/strong> pour faciliter l\u2019acc\u00e8s aux loisirs et associations locales<\/li>\n\n\n\n<li style=\"line-height:1.8\">Am\u00e9nager un <strong>COMPLEXE SPORTIF <\/strong>au stade Throo pour compl\u00e9ter les infrastructures sportives<\/li>\n\n\n\n<li>Implanter un <strong>ESPACE CULTUREL<\/strong> pour permettre l\u2019expression et la promotion des arts et de la culture et \u00e9largir l\u2019offre culturelle<\/li>\n\n\n\n<li>Composer un <strong>COMIT\u00c9 DES ASSOCIATIONS<\/strong> pour coordonner les actions des associations et favoriser leurs interactions<\/li>\n<\/ul>\n\n\n\n<figure class=\"wp-block-image size-full is-style-rounded is-style-rounded--4\"><img loading=\"lazy\" decoding=\"async\" width=\"870\" height=\"869\" src=\"http:\/\/www.guebwiller2026.fr\/wp-content\/uploads\/2026\/01\/image-18.png\" alt=\"\" class=\"wp-image-88\" srcset=\"https:\/\/www.guebwiller2026.fr\/wp-content\/uploads\/2026\/01\/image-18.png 870w, https:\/\/www.guebwiller2026.fr\/wp-content\/uploads\/2026\/01\/image-18-300x300.png 300w, https:\/\/www.guebwiller2026.fr\/wp-content\/uploads\/2026\/01\/image-18-150x150.png 150w, https:\/\/www.guebwiller2026.fr\/wp-content\/uploads\/2026\/01\/image-18-768x767.png 768w\" sizes=\"auto, (max-width: 870px) 100vw, 870px\" \/><\/figure>\n\n\n\n<p class=\"has-text-color has-link-color has-heading-font-family has-x-large-font-size wp-elements-374c802a0f370f4fd79e8b3f9966dac1\" style=\"color:#317514\"><strong>CITOYENNETE ET DEMOCRATIE LOCALE<\/strong><\/p>\n\n\n\n<ul class=\"wp-block-list\">\n<li>Instaurer une <strong>MAIRIE NOMADE<\/strong>, au plus pr\u00e8s de tous pour faciliter l\u2019acc\u00e8s aux services publics<\/li>\n\n\n\n<li style=\"line-height:1.8\">Cr\u00e9er des <strong>CONSEILS DE QUARTIER<\/strong> avec un <strong>BUDGET D\u00c9DI\u00c9 <\/strong>pour permettre aux citoyens de s\u2019impliquer et construire des projets<\/li>\n\n\n\n<li>Ouvrir les <strong>COMMISSIONS MUNICIPALES aux ASSOCIATIONS<\/strong> concern\u00e9es pour prendre en compte leurs expertises<\/li>\n<\/ul>\n\n\n\n<p class=\"has-text-color has-link-color has-heading-font-family has-x-large-font-size wp-elements-1bca6421f2b75abcefd97db454572366\" style=\"color:#317514\"><strong>INTERCOMMUNALITE &#8211; CCRG<\/strong><\/p>\n\n\n\n<ul class=\"wp-block-list\">\n<li>R\u00e9orienter le <strong>PROJET DAWEID<\/strong> pour stopper l\u2019artificialisation des sols et d\u00e9fendre la souverainet\u00e9 alimentaire<\/li>\n\n\n\n<li style=\"line-height:1.8\">Proposer une <strong>TARIFICATION PROGRESSIVE DE L\u2019EAU<\/strong> pour assurer un volume d&#8217;eau essentiel \u00e0 un tarif accessible et valoriser les \u00e9conomies d\u2019eau<\/li>\n\n\n\n<li>Repenser les <strong>TARIFS DE LA GESTION DE D\u00c9CHETS<\/strong> pour garantir l\u2019\u00e9quit\u00e9 des habitants selon leurs besoins<\/li>\n<\/ul>\n\n\n\n<figure class=\"wp-block-image size-full is-style-rounded is-style-rounded--5\"><img loading=\"lazy\" decoding=\"async\" width=\"622\" height=\"316\" src=\"http:\/\/www.guebwiller2026.fr\/wp-content\/uploads\/2026\/01\/image-9.png\" alt=\"\" class=\"wp-image-51\" srcset=\"https:\/\/www.guebwiller2026.fr\/wp-content\/uploads\/2026\/01\/image-9.png 622w, https:\/\/www.guebwiller2026.fr\/wp-content\/uploads\/2026\/01\/image-9-300x152.png 300w\" sizes=\"auto, (max-width: 622px) 100vw, 622px\" \/><\/figure>\n\n\n\n<p class=\"has-text-color has-link-color has-heading-font-family has-x-large-font-size wp-elements-875eb1e8e82b55f356864c2dfcec1114\" style=\"color:#317514\"><strong>COMMERCES<\/strong><\/p>\n\n\n\n<ul class=\"wp-block-list\">\n<li>Cr\u00e9er un poste de <strong>MANAGER DE COMMERCE <\/strong>pour faciliter les relations entre entrepreneurs et propri\u00e9taires de locaux<\/li>\n\n\n\n<li style=\"line-height:1.8\">Soutenir la r\u00e9novation des <strong>FRICHES COMMERCIALES <\/strong>et leur mise en location pour dynamiser le commerce au centre ville<\/li>\n<\/ul>\n","protected":false},"excerpt":{"rendered":"<p>Des actions au service de tous Guebwiller avec \u00c9nergie, c&#8217;est une liste de citoyennes et citoyens d\u00e9cid\u00e9s \u00e0 transformer notre ville au service de tous. Face aux d\u00e9fis de notre \u00e9poque \u2014 urgence climatique, fractures sociales, services publics fragilis\u00e9s \u2014 nous proposons un projet ambitieux mais r\u00e9aliste, enracin\u00e9 dans les besoins r\u00e9els des habitants. De [&hellip;]<\/p>\n","protected":false},"author":1,"featured_media":0,"parent":0,"menu_order":2,"comment_status":"closed","ping_status":"closed","template":"","meta":{"footnotes":""},"class_list":["post-9","page","type-page","status-publish","hentry"],"_links":{"self":[{"href":"https:\/\/www.guebwiller2026.fr\/index.php\/wp-json\/wp\/v2\/pages\/9","targetHints":{"allow":["GET"]}}],"collection":[{"href":"https:\/\/www.guebwiller2026.fr\/index.php\/wp-json\/wp\/v2\/pages"}],"about":[{"href":"https:\/\/www.guebwiller2026.fr\/index.php\/wp-json\/wp\/v2\/types\/page"}],"author":[{"embeddable":true,"href":"https:\/\/www.guebwiller2026.fr\/index.php\/wp-json\/wp\/v2\/users\/1"}],"replies":[{"embeddable":true,"href":"https:\/\/www.guebwiller2026.fr\/index.php\/wp-json\/wp\/v2\/comments?post=9"}],"version-history":[{"count":16,"href":"https:\/\/www.guebwiller2026.fr\/index.php\/wp-json\/wp\/v2\/pages\/9\/revisions"}],"predecessor-version":[{"id":114,"href":"https:\/\/www.guebwiller2026.fr\/index.php\/wp-json\/wp\/v2\/pages\/9\/revisions\/114"}],"wp:attachment":[{"href":"https:\/\/www.guebwiller2026.fr\/index.php\/wp-json\/wp\/v2\/media?parent=9"}],"curies":[{"name":"wp","href":"https:\/\/api.w.org\/{rel}","templated":true}]}}