{"id":35,"date":"2026-01-19T17:41:02","date_gmt":"2026-01-19T17:41:02","guid":{"rendered":"http:\/\/www.guebwiller2026.fr\/?page_id=35"},"modified":"2026-02-26T16:23:24","modified_gmt":"2026-02-26T16:23:24","slug":"mentions-legales","status":"publish","type":"page","link":"https:\/\/www.guebwiller2026.fr\/index.php\/mentions-legales\/","title":{"rendered":"Mentions l\u00e9gales"},"content":{"rendered":"\n<p><strong>Mentions l\u00e9gales<\/strong><\/p>\n\n\n\n<p><strong>\u00c9diteur du site<\/strong><br>Le pr\u00e9sent site est \u00e9dit\u00e9 par la liste\u00a0<strong>Guebwiller avec \u00c9nergie<\/strong>, conduite par <strong>Perrine Wiesser<\/strong>, dans le cadre de la campagne pour les\u00a0<strong>\u00e9lections municipales de 2026 \u00e0 Guebwiller<\/strong>.<\/p>\n\n\n\n<p>Adresse du si\u00e8ge de campagne :<br><strong>33 A rue du Sudel 68500 Guebwiller<\/strong><\/p>\n\n\n\n<p>Courriel :\u00a0<strong><a href=\"mailto:contact@guebwiller2026.fr\">contact@guebwiller2026.fr<\/a><\/strong><br>Responsable de la publication :\u00a0<strong>Perrine Wiesser<\/strong>, en qualit\u00e9 de<strong> t\u00eate de liste<\/strong>.<\/p>\n\n\n\n<p><strong>Conception et r\u00e9alisation du site<\/strong><br>R\u00e9alis\u00e9 b\u00e9n\u00e9volement par l\u2019\u00e9quipe de campagne<\/p>\n\n\n\n<p><strong>H\u00e9bergement<\/strong><br>Le site est h\u00e9berg\u00e9 par\u00a0<strong>OVH cloud<\/strong><br>Adresse :\u00a0<strong>France<\/strong><br>T\u00e9l\u00e9phone :\u00a0<strong><strong>09 72 10 10 07<\/strong><\/strong><\/p>\n\n\n\n<p><strong>Propri\u00e9t\u00e9 intellectuelle<\/strong><br>L\u2019ensemble des contenus (textes, photographies, visuels, logo, vid\u00e9os, etc.) pr\u00e9sents sur le pr\u00e9sent site&nbsp;sont la propri\u00e9t\u00e9 exclusive de la liste&nbsp;<strong>Guebwiller avec \u00c9nergie<\/strong>, sauf mention contraire.<br>Toute reproduction, repr\u00e9sentation, modification ou utilisation, totale ou partielle, est interdite sans autorisation \u00e9crite pr\u00e9alable.<\/p>\n\n\n\n<p><strong>Protection des donn\u00e9es personnelles<\/strong><br>Ce site ne pr\u00e9sente aucun formulaire. Mais, dans tous les cas, les donn\u00e9es collect\u00e9es par l\u2019\u00e9quipe de campagne sont destin\u00e9es \u00e0&nbsp;<strong>Perrine Wiesser<\/strong>&nbsp;et \u00e0 son \u00e9quipe, dans le cadre exclusif de la communication politique et civique li\u00e9e aux \u00e9lections municipales de 2026.<\/p>\n\n\n\n<p>Conform\u00e9ment au R\u00e8glement G\u00e9n\u00e9ral sur la Protection des Donn\u00e9es (RGPD) et \u00e0 la loi \u201cInformatique et Libert\u00e9s\u201d, vous disposez d\u2019un droit d\u2019acc\u00e8s, de rectification, d\u2019effacement et d\u2019opposition concernant vos donn\u00e9es.<br>Vous pouvez exercer ces droits en adressant un courriel \u00e0:\u00a0<strong><a href=\"mailto:contact@guebwiller2026.fr\">contact@guebwiller2026.fr<\/a><\/strong><\/p>\n\n\n\n<p>Aucune donn\u00e9e personnelle n\u2019est transmise \u00e0 des tiers \u00e0 des fins commerciales.<\/p>\n\n\n\n<p><strong>Contenu et responsabilit\u00e9<\/strong><br>Les informations diffus\u00e9es sur ce site ont un caract\u00e8re informatif et politique. Bien que r\u00e9dig\u00e9es avec soin, elles peuvent comporter des erreurs ou omissions ; la liste&nbsp;<strong><strong>Guebwiller avec \u00c9nergie<\/strong><\/strong>&nbsp;ne saurait en \u00eatre tenue responsable.<\/p>\n\n\n\n<p><strong>Liens hypertextes<\/strong><br>Les liens externes fournis sur le site ont pour but de faciliter la navigation ; la liste&nbsp;<strong>Guebwiller avec \u00c9nergie<\/strong> n\u2019exerce aucun contr\u00f4le sur leur contenu et d\u00e9cline toute responsabilit\u00e9 \u00e0 leur \u00e9gard.<\/p>\n\n\n\n<p><strong>Cr\u00e9dits photos et vid\u00e9os<\/strong><br>Cr\u00e9dit photo :&nbsp;<strong>\u00c9quipe de campagne<\/strong> (hors repartage des m\u00e9dias)<\/p>\n\n\n\n<p><strong>Date de derni\u00e8re mise \u00e0 jour :<\/strong>\u00a0[19\/01\/2026]<\/p>\n","protected":false},"excerpt":{"rendered":"<p>Mentions l\u00e9gales \u00c9diteur du siteLe pr\u00e9sent site est \u00e9dit\u00e9 par la liste\u00a0Guebwiller avec \u00c9nergie, conduite par Perrine Wiesser, dans le cadre de la campagne pour les\u00a0\u00e9lections municipales de 2026 \u00e0 Guebwiller. Adresse du si\u00e8ge de campagne :33 A rue du Sudel 68500 Guebwiller Courriel :\u00a0contact@guebwiller2026.frResponsable de la publication :\u00a0Perrine Wiesser, en qualit\u00e9 de t\u00eate de [&hellip;]<\/p>\n","protected":false},"author":1,"featured_media":0,"parent":0,"menu_order":16,"comment_status":"closed","ping_status":"closed","template":"","meta":{"footnotes":""},"class_list":["post-35","page","type-page","status-publish","hentry"],"_links":{"self":[{"href":"https:\/\/www.guebwiller2026.fr\/index.php\/wp-json\/wp\/v2\/pages\/35","targetHints":{"allow":["GET"]}}],"collection":[{"href":"https:\/\/www.guebwiller2026.fr\/index.php\/wp-json\/wp\/v2\/pages"}],"about":[{"href":"https:\/\/www.guebwiller2026.fr\/index.php\/wp-json\/wp\/v2\/types\/page"}],"author":[{"embeddable":true,"href":"https:\/\/www.guebwiller2026.fr\/index.php\/wp-json\/wp\/v2\/users\/1"}],"replies":[{"embeddable":true,"href":"https:\/\/www.guebwiller2026.fr\/index.php\/wp-json\/wp\/v2\/comments?post=35"}],"version-history":[{"count":3,"href":"https:\/\/www.guebwiller2026.fr\/index.php\/wp-json\/wp\/v2\/pages\/35\/revisions"}],"predecessor-version":[{"id":68,"href":"https:\/\/www.guebwiller2026.fr\/index.php\/wp-json\/wp\/v2\/pages\/35\/revisions\/68"}],"wp:attachment":[{"href":"https:\/\/www.guebwiller2026.fr\/index.php\/wp-json\/wp\/v2\/media?parent=35"}],"curies":[{"name":"wp","href":"https:\/\/api.w.org\/{rel}","templated":true}]}}