{"id":156,"date":"2026-02-10T18:24:08","date_gmt":"2026-02-10T18:24:08","guid":{"rendered":"https:\/\/www.guebwiller2026.fr\/?page_id=156"},"modified":"2026-02-23T17:52:45","modified_gmt":"2026-02-23T17:52:45","slug":"pour-nos-ecoles","status":"publish","type":"page","link":"https:\/\/www.guebwiller2026.fr\/index.php\/pour-nos-ecoles\/","title":{"rendered":"Pour nos \u00c9coles"},"content":{"rendered":"\n<p>Chers Parents,<br>Entre octobre et novembre 2025, la liste \u00ab Guebwiller avec \u00c9nergie \u00bb a men\u00e9 un sondage en ligne et sur le terrain, notamment \u00e0 la sortie des \u00e9coles, afin de mieux comprendre les besoins r\u00e9els des familles concernant les \u00e9coles maternelles et \u00e9l\u00e9mentaires, le p\u00e9riscolaire et les services associ\u00e9s. Gr\u00e2ce \u00e0 vos nombreux retours, nous avons pu entendre vos besoins et chercher des solutions concr\u00e8tes pour y r\u00e9pondre.<\/p>\n\n\n\n<p><br>Vous trouverez ci-dessous une synth\u00e8se des principaux r\u00e9sultats et les r\u00e9ponses concr\u00e8tes que nous proposons.<\/p>\n\n\n\n<p><strong>Le p\u00e9riscolaire : acc\u00e8s, qualit\u00e9, proximit\u00e9<\/strong><br>Un enfant sur deux d\u00e9jeune actuellement au p\u00e9riscolaire.<br>Parce qu\u2019une alimentation saine et locale est importante, nous souhaitons relocaliser la restauration scolaire \u00e0 Guebwiller afin de proposer des repas cuisin\u00e9s sur place et le jour m\u00eame.<br>Nous avons \u00e9galement constat\u00e9 que 20% des parents n\u2019inscrivent pas leur enfant \u00e0 midi en raison de tarifs jug\u00e9s trop \u00e9lev\u00e9s.<br>Une r\u00e9flexion sera engag\u00e9e pour rendre ce service plus accessible, avec une attention particuli\u00e8re port\u00e9e aux familles monoparentales et \u00e0 celles dont le parent est en recherche d\u2019emploi.<\/p>\n\n\n\n<p><strong>Favoriser la r\u00e9ussite scolaire<\/strong><br>Suite \u00e0 vos propositions, plusieurs pistes d\u2019action seront \u00e9tudi\u00e9es :<\/p>\n\n\n\n<ul class=\"wp-block-list\">\n<li>Augmenter le nombre d\u2019ATSEM et d\u2019intervenants.<\/li>\n\n\n\n<li>G\u00e9n\u00e9raliser l\u2019aide aux devoirs dans toutes les \u00e9coles.<\/li>\n\n\n\n<li>Exp\u00e9rimenter le petit d\u00e9jeuner \u00e0 l\u2019\u00e9cole.<\/li>\n\n\n\n<li>Mener une r\u00e9flexion sur le co\u00fbt du mat\u00e9riel scolaire.<\/li>\n\n\n\n<li>Adapter les horaires du p\u00e9riscolaire aux besoins des familles, notamment avec une ouverture en ao\u00fbt.<\/li>\n\n\n\n<li>Poursuivre la v\u00e9g\u00e9talisation des cours d\u2019\u00e9cole.<\/li>\n<\/ul>\n\n\n\n<p><strong>La mobilit\u00e9 : faciliter les d\u00e9placements des familles<\/strong><br>La mobilit\u00e9 reste un v\u00e9ritable enjeu pour permettre aux enfants et \u00e0 leurs parents de se d\u00e9placer en autonomie dans la ville \u2014 pour se rendre \u00e0 l\u2019\u00e9cole, \u00e0 des activit\u00e9s, \u00e0 des lieux d\u2019\u00e9coute ou simplement pour faire des courses.<br>Nous proposons la mise en place de deux navettes urbaines \u00e9lectriques, pens\u00e9es pour relier les quartiers, les \u00e9coles et les services du quotidien, afin de simplifier la vie des familles guebwilleroises.<\/p>\n\n\n\n<p>Ensemble, continuons \u00e0 construire une ville \u00e0 l\u2019\u00e9coute de ses habitants et de leurs enfants.<\/p>\n\n\n\n<p>POUR EN SAVOIR DAVANTAGE : venez nombreux \u00e0 la\u00a0<strong>R\u00c9UNION PUBLIQUE\u00a0\u00e0 LA CAVE DIMI\u00c8RE<\/strong>,\u00a0<strong>JEUDI 05 MARS \u00e0 19h<\/strong><br><\/p>\n\n\n\n<figure class=\"wp-block-image size-large\"><img loading=\"lazy\" decoding=\"async\" width=\"819\" height=\"1024\" src=\"https:\/\/www.guebwiller2026.fr\/wp-content\/uploads\/2026\/02\/image-8-819x1024.png\" alt=\"\" class=\"wp-image-157\" srcset=\"https:\/\/www.guebwiller2026.fr\/wp-content\/uploads\/2026\/02\/image-8-819x1024.png 819w, https:\/\/www.guebwiller2026.fr\/wp-content\/uploads\/2026\/02\/image-8-240x300.png 240w, https:\/\/www.guebwiller2026.fr\/wp-content\/uploads\/2026\/02\/image-8-768x960.png 768w, https:\/\/www.guebwiller2026.fr\/wp-content\/uploads\/2026\/02\/image-8.png 1080w\" sizes=\"auto, (max-width: 819px) 100vw, 819px\" \/><\/figure>\n","protected":false},"excerpt":{"rendered":"<p>Chers Parents,Entre octobre et novembre 2025, la liste \u00ab Guebwiller avec \u00c9nergie \u00bb a men\u00e9 un sondage en ligne et sur le terrain, notamment \u00e0 la sortie des \u00e9coles, afin de mieux comprendre les besoins r\u00e9els des familles concernant les \u00e9coles maternelles et \u00e9l\u00e9mentaires, le p\u00e9riscolaire et les services associ\u00e9s. Gr\u00e2ce \u00e0 vos nombreux retours, [&hellip;]<\/p>\n","protected":false},"author":1,"featured_media":0,"parent":0,"menu_order":4,"comment_status":"closed","ping_status":"closed","template":"","meta":{"footnotes":""},"class_list":["post-156","page","type-page","status-publish","hentry"],"_links":{"self":[{"href":"https:\/\/www.guebwiller2026.fr\/index.php\/wp-json\/wp\/v2\/pages\/156","targetHints":{"allow":["GET"]}}],"collection":[{"href":"https:\/\/www.guebwiller2026.fr\/index.php\/wp-json\/wp\/v2\/pages"}],"about":[{"href":"https:\/\/www.guebwiller2026.fr\/index.php\/wp-json\/wp\/v2\/types\/page"}],"author":[{"embeddable":true,"href":"https:\/\/www.guebwiller2026.fr\/index.php\/wp-json\/wp\/v2\/users\/1"}],"replies":[{"embeddable":true,"href":"https:\/\/www.guebwiller2026.fr\/index.php\/wp-json\/wp\/v2\/comments?post=156"}],"version-history":[{"count":2,"href":"https:\/\/www.guebwiller2026.fr\/index.php\/wp-json\/wp\/v2\/pages\/156\/revisions"}],"predecessor-version":[{"id":209,"href":"https:\/\/www.guebwiller2026.fr\/index.php\/wp-json\/wp\/v2\/pages\/156\/revisions\/209"}],"wp:attachment":[{"href":"https:\/\/www.guebwiller2026.fr\/index.php\/wp-json\/wp\/v2\/media?parent=156"}],"curies":[{"name":"wp","href":"https:\/\/api.w.org\/{rel}","templated":true}]}}